e of -k**5/20 - k**3/6 + 35*k**2/2 - 2*k. Let m = 9 + 9. What is the remainder when z(0) is divided by m?
17
Let v = 36 - -33. Calculate the remainder when v is divided by 9.
6
Suppose 43 = m - 3. What is the remainder when m is divided by 17?
12
Let j = 101 + -23. Calculate the remainder when j is divided by 8.
6
Suppose 0 = 5*r - 36 + 11. Suppose -q + 17 - r = 0. What is the remainder when 9/((-126)/(-4)) - 1252/(-28) is divided by q?
9
Suppose -o = 6*r - 3*r - 17, -2*r + 26 = -3*o. Let h = -30 + 43. Calculate the remainder when h is divided by r.
6
Suppose -3*w = w. Suppose -i - 4 + 23 = w. Let g = -6 + i. Calculate the remainder when 49 is divided by g.
10
Suppose 120 = 3*s - 3*u, 4*s - 2*u = -4*u + 160. Suppose -2*y - 5*v - 2 - 1 = 0, 0 = 2*y - 3*v - 37. Calculate the remainder when s is divided by y.
7
Let y be 1*(-2)/(0 - 2). Let i be -2 + 4 - (y + -2). Suppose -2*c = i*x - 17, -x - c + 3 = -1. Calculate the remainder when 16 is divided by x.
7
Suppose -45 = -4*n - 3*z, -7*z = 2*n - 3*z - 10. What is the remainder when n is divided by 10?
5
Let c(m) = 2*m - 4. Let v be c(5). Suppose -x + 4*x - v = 0. Calculate the remainder when 5 is divided by x.
1
Let i = -4 - -7. Suppose -i*t = t - 20. Suppose 3*a - 5 + 67 = 5*k, -2*k - a = -27. Calculate the remainder when k is divided by t.
3
Let r = -5 + 2. Suppose -5*f + x - 5 = -4*x, 0 = -2*x - 4. Calculate the remainder when (f/2)/r*14 is divided by 4.
3
Let r = -48 - -51. Suppose -2*g - 6 = 0, 19 = w - 5*g - 3. What is the remainder when w is divided by r?
1
Let w(m) = -m**2 - m - 12. Let d be w(0). Let x = d + 18. What is the remainder when -2 + (18 - (-1 - 0)) is divided by x?
5
Suppose o - 6 = 52. Calculate the remainder when o is divided by 15.
13
Let z(c) = 8*c**2 - 2*c - 4. Let i = 12 - 14. What is the remainder when z(i) is divided by (2 - 0) + (-45)/(-3)?
15
Calculate the remainder when (-563)/4*-1 + (-15)/(-60) is divided by 24.
21
Let s be 0/2 + 0/2. Suppose -5*x + 216 - 71 = s. Calculate the remainder when x is divided by 15.
14
Calculate the remainder when 19 is divided by 6/10 - 96/(-15).
5
Let d = -13 + 60. Let p(x) = -x**3 + 8*x**2 - x + 10. Let u be p(8). Suppose 6*o - g - 59 = u*o, -2*g = 3*o - 58. What is the remainder when d is divided by o?
15
Let h = -11 + 27. What is the remainder when 77 is divided by h?
13
Let h = 102 + -46. What is the remainder when h is divided by 29?
27
Let i = 7 + 1. Let b be ((-2)/(-6))/((-11)/(-165)). Let k = i - b. What is the remainder when 8 is divided by k?
2
Suppose -o + 3*o - 630 = 0. What is the remainder when 20 is divided by o/28 + 3/4?
8
Suppose 0 = -3*x - 14 + 56. Suppose 40 = 2*z - 0*v + 2*v, -3*v - 40 = -z. Calculate the remainder when z is divided by x.
11
Let c be -1 + -3 + (0 - -4). Let u(q) = -q**2 + 44. Calculate the remainder when u(c) is divided by 12.
8
Let z(q) = q**3 + q**2 - 2. Let x be z(2). Suppose 0 = 2*r - 2*f - x, r - 5*f - 2 = -1. Calculate the remainder when 9 is divided by r.
3
Suppose 0 = 2*s + 2*s - 4*o - 32, 0 = -o - 5. Suppose p - 5*a = -36, -a - 108 = s*p + 2*a. Let l = p - -60. What is the remainder when l is divided by 13?
11
Suppose -3*s + 2*v = -2*s + 12, 12 = 4*s + 4*v. What is the remainder when s - (-5)/((-5)/(-54)) is divided by 18?
16
Calculate the remainder when 1 + 3 - (-14 + 6) is divided by 5.
2
Let t(p) be the first derivative of p**4/4 + p**3/3 - p**2/2 + 15*p + 1. Calculate the remainder when t(0) is divided by 8.
7
Let k = -89 - -139. Calculate the remainder when k is divided by 17.
16
Suppose -8 = -w - 1. Suppose 5*q - 4*y - 75 = 0, 2*q + 6*y = w*y + 33. Calculate the remainder when q is divided by 10.
9
Let r = -7 + 10. What is the remainder when 12 is divided by r?
0
Let o = 32 + -16. Let z be (-5)/20 + (-85)/(-4). Let g = -15 + z. What is the remainder when o is divided by g?
4
Suppose -7 = -4*o + 13. Let l(q) = -q - 1. Calculate the remainder when o is divided by l(-3).
1
Suppose 5*g - 16 = -3*n, -3*n = -5*g + 2*n + 40. Suppose -x + g*x = 184. Calculate the remainder when x is divided by 24.
22
Let f be 116/10 + 4/10. Suppose f + 26 = 2*o. What is the remainder when o is divided by 10?
9
Let r(k) = 2*k + 3. Calculate the remainder when 28 is divided by r(6).
13
Let x = 7 + 9. Calculate the remainder when 62 is divided by x.
14
Suppose 2 - 18 = 4*z, 99 = 5*b + 4*z. Calculate the remainder when 43 is divided by b.
20
Let l(i) = -3*i + 15. Let g be l(14). Let w = g - -35. What is the remainder when w is divided by 5?
3
Suppose 3*t + 24 = -5*r, -t + 0*r = 4*r + 15. Calculate the remainder when (5 - -1)*t/(-6) is divided by 1.
0
Let r be -3*(1128/(-9))/4. What is the remainder when r - 0 - (-1)/(-1) is divided by 32?
29
Suppose -5*a = -4*t + 251, -3*t + 2*a + 174 = 3*a. Calculate the remainder when t is divided by 15.
14
Let d(h) = 2*h**2 - 4*h - 6. Let y be d(5). Let l = y - 9. Calculate the remainder when 43 is divided by l.
13
Suppose v = 4*v - 3. Let c(d) = -d**2 + 3*d. Let f be c(3). Suppose f*s + v = s. What is the remainder when 1 is divided by s?
0
Suppose -3*q = -7*q + 40. Let u be (-1)/(-1) - (-8 - 0). Suppose 3*p = 4*v - 18, 0 = 4*v + 4*p - u*p - 14. What is the remainder when q is divided by v?
4
Suppose -5*w - b + 69 = 0, w + b - 14 = 3. Suppose -v - 179 = -2*y - w, 4*v = 0. What is the remainder when y is divided by 28?
27
Suppose p - 11 = -4*c, -c = 4*c - p - 16. Suppose 5*f + 4*t - 7 = c*t, 4*t + 12 = 0. What is the remainder when 3 is divided by f?
1
Let d(p) = 75*p**3 - 2*p + 2. Calculate the remainder when d(1) is divided by 19.
18
Let u = 46 + -34. What is the remainder when 35 is divided by u?
11
Let p = -1 - -5. Let y = 18 - 11. What is the remainder when y is divided by p?
3
Suppose 0 = 15*c - 22*c + 140. Calculate the remainder when 37 is divided by c.
17
Let j = -63 + 76. Let d(z) = -z**3 - 4*z**2 + 3*z - 5. Let i be d(-5). Suppose i*u + 11 = 36. Calculate the remainder when j is divided by u.
3
Let f = -2 - -3. Let c be 1/2*-10 - 0. Let l = 6 + c. What is the remainder when l is divided by f?
0
Let g(d) = -d**3 - 7*d + 4 + 10*d**2 + 2 - 2*d**2. Let o = 63 - 44. What is the remainder when g(6) is divided by o?
17
Suppose -2*a - 4 + 12 = 0. Suppose -3*m + a + 199 = 2*q, 0 = -2*q - m + 209. What is the remainder when q is divided by 27?
25
What is the remainder when 59 is divided by 6/(-10) - (-432)/20?
17
Let j(r) = 9*r - 154. Suppose -3*g - g + 72 = 0. What is the remainder when j(23) is divided by g?
17
Suppose p - i + 19 = 2*p, -4*i = -4*p + 36. Calculate the remainder when 40 is divided by p.
12
Let v = 159 - 141. What is the remainder when 141 is divided by v?
15
Suppose -79 = -4*f - 5*d, 21 = 5*d + 6. Suppose -5*u + 27 = -2*u. What is the remainder when f is divided by u?
7
Let u = 18 - 10. Suppose u*s = 3*s + 65. Suppose -3*q + 65 = -7. What is the remainder when q is divided by s?
11
Let l = 100 + -43. Let u = l + -39. Suppose -43 = -4*w + 4*v - 7, 0 = w + v - 1. Calculate the remainder when u is divided by w.
3
Let v(q) = q + 5. Let h = 17 - 12. Calculate the remainder when v(h) is divided by 6.
4
Suppose -7 = -k + 4. Calculate the remainder when (26 - (-12)/(-4)) + -2 is divided by k.
10
Let k = -14 - -25. Let s be ((-78)/10)/((-2)/10). Suppose y = -2*g + s, 0 = -2*y + 2*g + g + 50. Calculate the remainder when y is divided by k.
9
Calculate the remainder when 13*1 + 4 + -7 is divided by 7.
3
Let j = -30 - -59. Let z(a) = -a**2 - 7*a - 1. Let x be z(-5). Calculate the remainder when j is divided by 4/6 - (-129)/x.
14
Calculate the remainder when (-528)/(-40) - (-1)/(-5) is divided by 4.
1
Suppose -2*i - 5*h + 11 = 0, h = 3*h + 2. Suppose -13 = 4*f + 2*c - 31, f + i = -3*c. What is the remainder when 12 is divided by f?
5
Suppose 6*h = 2*v + 2*h - 10, -3*h + 15 = 3*v. Suppose -2*a - 72 = -v*a. Suppose -4*z = -0 - a. What is the remainder when z is divided by 3?
0
Let x = -9 + 15. Calculate the remainder when 11 - 0/(8 - 4) is divided by x.
5
Suppose -5*l - 2*d - 18 = -8*l, 5*l - 49 = -3*d. Let r(i) = -3 - 2 + 3 + l*i - 5. Calculate the remainder when r(6) is divided by 11.
8
Suppose -4*t = -2*z - 3*t + 4, -2*t = -4. Calculate the remainder when ((-45)/6 - -3)/(3/(-6)) is divided by z.
0
Let j(z) = -z**3 + z**2 - z + 1. Let m be j(2). Let x(s) = -3*s - 4. W